at is the tens digit of 210114?
1
What is the units digit of 1351767?
7
What is the hundreds digit of 356567?
5
What is the millions digit of 5358476?
5
What is the units digit of 24282113?
3
What is the hundreds digit of 3482723?
7
What is the hundreds digit of 1018409?
4
What is the tens digit of 1135256?
5
What is the tens digit of 2877045?
4
What is the ten millions digit of 24906518?
2
What is the hundred thousands digit of 449603?
4
What is the hundred thousands digit of 4761139?
7
What is the units digit of 818885?
5
What is the hundreds digit of 234920?
9
What is the hundred thousands digit of 5896949?
8
What is the hundred thousands digit of 473357?
4
What is the hundreds digit of 3793319?
3
What is the hundred thousands digit of 2466761?
4
What is the hundreds digit of 2608010?
0
What is the hundred thousands digit of 3138934?
1
What is the thousands digit of 730705?
0
What is the hundred thousands digit of 30769483?
7
What is the hundred thousands digit of 228164?
2
What is the hundreds digit of 26124461?
4
What is the hundred thousands digit of 2324892?
3
What is the hundreds digit of 857344?
3
What is the hundreds digit of 34126398?
3
What is the ten thousands digit of 13172974?
7
What is the tens digit of 204895?
9
What is the tens digit of 200018?
1
What is the millions digit of 1840271?
1
What is the hundred thousands digit of 15372901?
3
What is the units digit of 155032?
2
What is the thousands digit of 7061288?
1
What is the hundreds digit of 19639785?
7
What is the hundreds digit of 3103367?
3
What is the ten thousands digit of 493287?
9
What is the tens digit of 12690516?
1
What is the thousands digit of 3796926?
6
What is the thousands digit of 1091064?
1
What is the units digit of 806766?
6
What is the thousands digit of 190242?
0
What is the hundred thousands digit of 392405?
3
What is the hundred thousands digit of 2159736?
1
What is the thousands digit of 239701?
9
What is the thousands digit of 834729?
4
What is the hundred thousands digit of 229578?
2
What is the thousands digit of 575749?
5
What is the hundreds digit of 256446?
4
What is the tens digit of 3903417?
1
What is the units digit of 2124557?
7
What is the hundred thousands digit of 4245933?
2
What is the millions digit of 2677692?
2
What is the hundreds digit of 509848?
8
What is the tens digit of 18441039?
3
What is the hundred thousands digit of 38425434?
4
What is the units digit of 171163?
3
What is the hundreds digit of 1238198?
1
What is the millions digit of 1206501?
1
What is the hundreds digit of 116319?
3
What is the hundreds digit of 9292291?
2
What is the tens digit of 1833985?
8
What is the thousands digit of 501590?
1
What is the units digit of 471953?
3
What is the hundreds digit of 16729929?
9
What is the hundreds digit of 5505?
5
What is the tens digit of 7549245?
4
What is the tens digit of 13531447?
4
What is the units digit of 623967?
7
What is the thousands digit of 9114?
9
What is the tens digit of 942392?
9
What is the ten thousands digit of 29408428?
0
What is the thousands digit of 1211040?
1
What is the thousands digit of 22424997?
4
What is the hundreds digit of 15994613?
6
What is the units digit of 3461679?
9
What is the thousands digit of 3627181?
7
What is the thousands digit of 6710455?
0
What is the units digit of 1097445?
5
What is the thousands digit of 71914?
1
What is the hundred thousands digit of 10234791?
2
What is the ten thousands digit of 6139483?
3
What is the hundreds digit of 584321?
3
What is the ten thousands digit of 2923015?
2
What is the hundred thousands digit of 2675346?
6
What is the millions digit of 1247966?
1
What is the thousands digit of 109021?
9
What is the ten thousands digit of 488360?
8
What is the ten thousands digit of 4119205?
1
What is the millions digit of 3157616?
3
What is the millions digit of 2224522?
2
What is the units digit of 1960628?
8
What is the units digit of 1832934?
4
What is the hundreds digit of 544671?
6
What is the units digit of 521384?
4
What is the thousands digit of 469295?
9
What is the thousands digit of 1767501?
7
What is the hundreds digit of 319298?
2
What is the hundreds digit of 299986?
9
What is the hundred thousands digit of 117422?
1
What is the tens digit of 143966?
6
What is the tens digit of 13257856?
5
What is the ten thousands digit of 423340?
2
What is the units digit of 1141970?
0
What is the units digit of 297847?
7
What is the hundred thousands digit of 7498807?
4
What is the thousands digit of 301409?
1
What is the units digit of 9142619?
9
What is the hundred thousands digit of 186512?
1
What is the tens digit of 1510330?
3
What is the thousands digit of 308017?
8
What is the ten thousands digit of 942939?
4
What is the ten thousands digit of 2733368?
3
What is the hundred thousands digit of 4797442?
7
What is the thousands digit of 3536383?
6
What is the hundreds digit of 4958220?
2
What is the thousands digit of 981419?
1
What is the units digit of 260211?
1
What is the units digit of 6809203?
3
What is the units digit of 51092?
2
What is the units digit of 22989?
9
What is the ten thousands digit of 2459549?
5
What is the tens digit of 226085?
8
What is the tens digit of 577230?
3
What is the hundred thousands digit of 7510119?
5
What is the tens digit of 14209552?
5
What is the tens digit of 33418?
1
What is the tens digit of 601502?
0
What is the ten thousands digit of 15689062?
8
What is the thousands digit of 117642?
7
What is the thousands digit of 912406?
2
What is the hundred thousands digit of 2522305?
5
What is the thousands digit of 70546?
0
What is the tens digit of 121258?
5
What is the hundreds digit of 2913396?
3
What is the units digit of 1731250?
0
What is the tens digit of 11358166?
6
What is the tens digit of 563017?
1
What is the units digit of 195559?
9
What is the thousands digit of 501304?
1
What is the ten thousands digit of 26264?
2
What is the ten thousands digit of 314185?
1
What is the hundred thousands digit of 200067?
2
What is the thousands digit of 227364?
7
What is the units digit of 893817?
7
What is the tens digit of 683801?
0
What is the tens digit of 557662?
6
What is the tens digit of 908191?
9
What is the hundreds digit of 21563742?
7
What is the ten thousands digit of 195354?
9
What is the thousands digit of 299203?
9
What is the hundred thousands digit of 1683591?
6
What is the tens digit of 563965?
6
What is the thousands digit of 644756?
4
What is the hundred thousands digit of 2726856?
7
What is the hundred thousands digit of 22598504?
5
What is the millions digit of 23250014?
3
What is the hundred thousands digit of 336251?
3
What is the tens digit of 768334?
3
What is the thousands digit of 164016?
4
What is the hundreds digit of 630046?
0
What is the hundreds digit of 1701066?
0
What is the hundreds digit of 107237?
2
What is the hundred thousands digit of 730448?
7
What is the ten thousands digit of 54885?
5
What is the thousands digit of 175552?
5
What is the hundred thousands digit of 41857962?
8
What is the millions digit of 20911918?
0
What is the hundreds digit of 309193?
1
What is the units digit of 248576?
6
What is the ten thousands digit of 6785817?
8
What is the tens digit of 5105578?
7
What is the ten thousands digit of 1215458?
1
What is the thousands digit of 1855823?
5
What is the tens digit of 359547?
4
What is the thousands digit of 81768?
1
What is the tens digit of 1547107?
0
What is the tens digit of 5214664?
6
What is the ten thousands digit of 262654?
6
What is the hundreds digit of 2442866?
8
What is the hundred thousands digit of 219003?
2
What is the hundreds digit of 10418823?
8
What is the thousands digit of 3048121?
8
What is the hundreds digit of 9872254?
2
What is the tens digit of 1058178?
7
What is the tens digit of 12528?
2
What is the thousands digit of 10753?
0
What is the units digit of 81933?
3
What is the hundreds digit of 140431?
4
What is the millions digit of 1915570?
1
What is the hundreds digit of 2480268?
2
What is the hundreds digit of 4197203?
2
What is the hundred thousands digit of 113723?
1
What is the hundred thousands digit of 19398976?
3
What is the units digit of 7544715?
5
What is the tens digit of 1661224?
2
What is the ten thousands digi